{"id":59,"date":"2026-01-21T13:57:46","date_gmt":"2026-01-21T13:57:46","guid":{"rendered":"https:\/\/gvkik.hu\/varostitkai\/?page_id=59"},"modified":"2026-04-20T11:31:35","modified_gmt":"2026-04-20T11:31:35","slug":"3-legendagyar","status":"publish","type":"page","link":"https:\/\/gvkik.hu\/varostitkai\/3-legendagyar\/","title":{"rendered":"3. Egy v\u00e1ros titkai"},"content":{"rendered":"\n<p><strong>M\u00e1jus 3. vas\u00e1rnap<\/strong>\u00a0\u2013 A 3-4. feladat felt\u00f6lt\u00e9s\u00e9nek hat\u00e1rideje<\/p>\n\n\n\n<p>Legendagy\u00e1r <strong>(Plusz feladat bek\u00fcldhet\u0151)<\/strong><\/p>\n\n\n\n<p><em>\u00c9rt\u00e9kel\u00e9si szempontok:<\/em> M\u00edtoszteremt\u0151 k\u00e9pess\u00e9g, st\u00edlus, tartalom.<\/p>\n\n\n\n<p><a><strong>Legendagy\u00e1r (Plusz feladat bek\u00fcldhet\u0151)<\/strong><\/a><\/p>\n\n\n\n<p><em>\u00c9rt\u00e9kel\u00e9si szempontok:<\/em> <em>M\u00edtoszteremt\u0151 k\u00e9pess\u00e9g, st\u00edlus, tartalom<\/em>.<\/p>\n\n\n\n<p><strong>LEGENDAGY\u00c1RT\u00c1S<\/strong> \u2013 Tal\u00e1ljatok ki egy g\u00f6d\u00f6ll\u0151i legend\u00e1t, m\u00edtoszt. \u00cdrj\u00e1tok le, mi lett vele, hova t\u0171nt, mi lehetett az oka. Tippek: g\u00f6d\u00f6ll\u0151i helysz\u00ednek, emberek rejt\u00e9lye: kid\u0151lt fa a zeneiskol\u00e1n\u00e1l, megsz\u0171nt Kismuki, R\u00e1kos patak, Buci b\u00e1csi.<\/p>\n\n\n\n<p>P\u00e9ldak\u00e9nt \u00e1lljon itt a mi legend\u00e1nk a g\u00f6d\u00f6ll\u0151i Hatty\u00fas t\u00f3r\u00f3l \u00e9s a Pelik\u00e1nos k\u00fatr\u00f3l<\/p>\n\n\n\n<p>Az 1600-as \u00e9vekben \u00e9lt G\u00f6d\u00f6ll\u0151n egy gy\u00f6ny\u00f6r\u0171 l\u00e1ny. Karcs\u00fa termete, hatty\u00fa nyaka \u00e9s vil\u00e1gos sz\u0151ke haja volt, a helyiek el is nevezt\u00e9k Hatty\u00fa kisasszonynak. Szemet is vetett r\u00e1 a helyi f\u00f6ldbirtokos, Hamvay Ferenc, aki feles\u00e9g\u00fcl k\u00e9rte a nincstelen le\u00e1nyt.&nbsp; A l\u00e1ny apja \u00f6r\u00f6mmel fogadta a gazdag k\u00e9r\u0151t. A le\u00e1ny azonban nem akart a gazdag birtokos feles\u00e9ge lenni, mert neki m\u00e1r volt egy titkos szerelme.<\/p>\n\n\n\n<figure class=\"wp-block-gallery has-nested-images columns-default is-cropped wp-block-gallery-1 is-layout-flex wp-block-gallery-is-layout-flex\">\n<figure class=\"wp-block-image size-large\"><img loading=\"lazy\" decoding=\"async\" width=\"1024\" height=\"693\" data-id=\"602\" src=\"https:\/\/gvkik.hu\/varostitkai\/wp-content\/uploads\/2026\/04\/662826998_10238432120159436_7894902940152510016_n-1024x693.jpg\" alt=\"\" class=\"wp-image-602\" srcset=\"https:\/\/gvkik.hu\/varostitkai\/wp-content\/uploads\/2026\/04\/662826998_10238432120159436_7894902940152510016_n-1024x693.jpg 1024w, https:\/\/gvkik.hu\/varostitkai\/wp-content\/uploads\/2026\/04\/662826998_10238432120159436_7894902940152510016_n-300x203.jpg 300w, https:\/\/gvkik.hu\/varostitkai\/wp-content\/uploads\/2026\/04\/662826998_10238432120159436_7894902940152510016_n-768x520.jpg 768w, https:\/\/gvkik.hu\/varostitkai\/wp-content\/uploads\/2026\/04\/662826998_10238432120159436_7894902940152510016_n-1536x1040.jpg 1536w, https:\/\/gvkik.hu\/varostitkai\/wp-content\/uploads\/2026\/04\/662826998_10238432120159436_7894902940152510016_n.jpg 2048w\" sizes=\"auto, (max-width: 1024px) 100vw, 1024px\" \/><figcaption class=\"wp-element-caption\">Tat\u00e1r Attila fot\u00f3ja<\/figcaption><\/figure>\n<\/figure>\n\n\n\n<p>\u00c9rkezett akkoriban a v\u00e1rosba egy h\u00edres t\u00f6r\u00f6kver\u0151 katona, akit a szeg\u00e9nyek megseg\u00edt\u00e9s\u00e9r\u0151l, \u00f6nfel\u00e1ldoz\u00f3 h\u0151siess\u00e9g\u00e9r\u0151l csak Pelik\u00e1nos lovagnak h\u00edvott a n\u00e9p. Kalapj\u00e1ba egy r\u00f3zsasz\u00edn pelik\u00e1ntoll volt t\u0171zve. A k\u00e9t fiatal egym\u00e1sba szeretett, titkos tal\u00e1lk\u00e1ik helysz\u00edne a Hatty\u00fas t\u00f3 volt a kast\u00e9llyal szemben, ahova \u00e9jszak\u00e1nk\u00e9nt kisz\u00f6k\u00f6tt a l\u00e1ny az apja h\u00e1z\u00e1b\u00f3l.<\/p>\n\n\n\n<p>Hatty\u00fa kisasszony apja azonban hallani sem akart holmi lovagokr\u00f3l \u00e9s kit\u0171zte a l\u00e1nya esk\u00fcv\u0151je napj\u00e1t Hamvay Ferenccel. Az esk\u00fcv\u0151 el\u0151tti \u00e9jszak\u00e1n Hatty\u00fa kisasszony megpr\u00f3b\u00e1lt megsz\u00f6kni Pelik\u00e1nos lovaggal, de a v\u0151leg\u00e9ny r\u00e1juk tal\u00e1lt. \u00c9ktelen haragj\u00e1ban meg akarta \u00f6lni a l\u00e1nyt. Pelik\u00e1nos lovag kardot r\u00e1ntott, hogy megv\u00e9dje a l\u00e1nyt, \u00e1m Hamvay egy alattomos sz\u00far\u00e1ssal led\u00f6fte a vit\u00e9zt \u00e9s az meghalt. Hatty\u00fa kisasszony b\u00e1nat\u00e1ban hatty\u00fav\u00e1 v\u00e1ltozott, \u00e9s elrep\u00fclt a Hatty\u00fas t\u00f3ra, hogy ott v\u00e1rja szerelmes\u00e9t, aki t\u00f6bb\u00e9 nem \u00e9rkezett meg hozz\u00e1.<\/p>\n\n\n\n<p>A legenda szerint Pelik\u00e1nos vit\u00e9z a Hamvay k\u00faria k\u00fatj\u00e1n pelik\u00e1n k\u00e9p\u00e9ben \u0151rzi az\u00f3ta is a f\u00f6ldbirtokos ablakait, nehogy az ism\u00e9t a l\u00e1ny nyom\u00e1ba eredjen. A t\u00f3 az\u00f3ta megsz\u0171nt, de a legenda szerint, ha egyszer \u00fajra megtelik v\u00edzzel, Hatty\u00fa kisasszony egy holdf\u00e9nyes \u00e9jszak\u00e1n visszav\u00e1ltozik le\u00e1nny\u00e1 \u00e9s Pelik\u00e1n lovag is lerep\u00fcl a k\u00fat tetej\u00e9r\u0151l \u00e9s a szerelmesek ism\u00e9t egym\u00e1sra tal\u00e1lnak.<\/p>\n\n\n\n<p><\/p>\n","protected":false},"excerpt":{"rendered":"<p>M\u00e1jus 3. vas\u00e1rnap\u00a0\u2013 A 3-4. feladat felt\u00f6lt\u00e9s\u00e9nek hat\u00e1rideje Legendagy\u00e1r (Plusz feladat bek\u00fcldhet\u0151) \u00c9rt\u00e9kel\u00e9si szempontok: M\u00edtoszteremt\u0151 k\u00e9pess\u00e9g, st\u00edlus, tartalom. Legendagy\u00e1r (Plusz feladat bek\u00fcldhet\u0151) \u00c9rt\u00e9kel\u00e9si szempontok: M\u00edtoszteremt\u0151 k\u00e9pess\u00e9g, st\u00edlus, tartalom. LEGENDAGY\u00c1RT\u00c1S \u2013 Tal\u00e1ljatok ki egy g\u00f6d\u00f6ll\u0151i legend\u00e1t, m\u00edtoszt. \u00cdrj\u00e1tok le, mi lett vele, hova t\u0171nt, mi lehetett az oka. Tippek: g\u00f6d\u00f6ll\u0151i helysz\u00ednek, emberek rejt\u00e9lye: kid\u0151lt fa a &#8230; <a title=\"3. Egy v\u00e1ros titkai\" class=\"read-more\" href=\"https:\/\/gvkik.hu\/varostitkai\/3-legendagyar\/\" aria-label=\"Read more about 3. Egy v\u00e1ros titkai\">Olvass tov\u00e1bb<\/a><\/p>\n","protected":false},"author":1,"featured_media":0,"parent":0,"menu_order":0,"comment_status":"closed","ping_status":"closed","template":"","meta":{"footnotes":""},"class_list":["post-59","page","type-page","status-publish"],"_links":{"self":[{"href":"https:\/\/gvkik.hu\/varostitkai\/wp-json\/wp\/v2\/pages\/59","targetHints":{"allow":["GET"]}}],"collection":[{"href":"https:\/\/gvkik.hu\/varostitkai\/wp-json\/wp\/v2\/pages"}],"about":[{"href":"https:\/\/gvkik.hu\/varostitkai\/wp-json\/wp\/v2\/types\/page"}],"author":[{"embeddable":true,"href":"https:\/\/gvkik.hu\/varostitkai\/wp-json\/wp\/v2\/users\/1"}],"replies":[{"embeddable":true,"href":"https:\/\/gvkik.hu\/varostitkai\/wp-json\/wp\/v2\/comments?post=59"}],"version-history":[{"count":8,"href":"https:\/\/gvkik.hu\/varostitkai\/wp-json\/wp\/v2\/pages\/59\/revisions"}],"predecessor-version":[{"id":628,"href":"https:\/\/gvkik.hu\/varostitkai\/wp-json\/wp\/v2\/pages\/59\/revisions\/628"}],"wp:attachment":[{"href":"https:\/\/gvkik.hu\/varostitkai\/wp-json\/wp\/v2\/media?parent=59"}],"curies":[{"name":"wp","href":"https:\/\/api.w.org\/{rel}","templated":true}]}}

3. Egy város titkai

<p><strong>Május 3. vasárnap</strong> – A 3-4. feladat feltöltésének határideje</p>



<p>Legendagyár <strong>(Plusz feladat beküldhető)</strong></p>



<p><em>Értékelési szempontok:</em> Mítoszteremtő képesség, stílus, tartalom.</p>



<p><a><strong>Legendagyár (Plusz feladat beküldhető)</strong></a></p>



<p><em>Értékelési szempontok:</em> <em>Mítoszteremtő képesség, stílus, tartalom</em>.</p>



<p><strong>LEGENDAGYÁRTÁS</strong> – Találjatok ki egy gödöllői legendát, mítoszt. Írjátok le, mi lett vele, hova tűnt, mi lehetett az oka. Tippek: gödöllői helyszínek, emberek rejtélye: kidőlt fa a zeneiskolánál, megszűnt Kismuki, Rákos patak, Buci bácsi.</p>



<p>Példaként álljon itt a mi legendánk a gödöllői Hattyús tóról és a Pelikános kútról</p>



<p>Az 1600-as években élt Gödöllőn egy gyönyörű lány. Karcsú termete, hattyú nyaka és világos szőke haja volt, a helyiek el is nevezték Hattyú kisasszonynak. Szemet is vetett rá a helyi földbirtokos, Hamvay Ferenc, aki feleségül kérte a nincstelen leányt.&nbsp; A lány apja örömmel fogadta a gazdag kérőt. A leány azonban nem akart a gazdag birtokos felesége lenni, mert neki már volt egy titkos szerelme.</p>



<figure class="wp-block-gallery has-nested-images columns-default is-cropped wp-block-gallery-1 is-layout-flex wp-block-gallery-is-layout-flex">
<figure class="wp-block-image size-large"><img loading="lazy" decoding="async" width="1024" height="693" data-id="602" src="https://gvkik.hu/varostitkai/wp-content/uploads/2026/04/662826998_10238432120159436_7894902940152510016_n-1024x693.jpg" alt="" class="wp-image-602" srcset="https://gvkik.hu/varostitkai/wp-content/uploads/2026/04/662826998_10238432120159436_7894902940152510016_n-1024x693.jpg 1024w, https://gvkik.hu/varostitkai/wp-content/uploads/2026/04/662826998_10238432120159436_7894902940152510016_n-300x203.jpg 300w, https://gvkik.hu/varostitkai/wp-content/uploads/2026/04/662826998_10238432120159436_7894902940152510016_n-768x520.jpg 768w, https://gvkik.hu/varostitkai/wp-content/uploads/2026/04/662826998_10238432120159436_7894902940152510016_n-1536x1040.jpg 1536w, https://gvkik.hu/varostitkai/wp-content/uploads/2026/04/662826998_10238432120159436_7894902940152510016_n.jpg 2048w" sizes="auto, (max-width: 1024px) 100vw, 1024px" /><figcaption class="wp-element-caption">Tatár Attila fotója</figcaption></figure>
</figure>



<p>Érkezett akkoriban a városba egy híres törökverő katona, akit a szegények megsegítéséről, önfeláldozó hősiességéről csak Pelikános lovagnak hívott a nép. Kalapjába egy rózsaszín pelikántoll volt tűzve. A két fiatal egymásba szeretett, titkos találkáik helyszíne a Hattyús tó volt a kastéllyal szemben, ahova éjszakánként kiszökött a lány az apja házából.</p>



<p>Hattyú kisasszony apja azonban hallani sem akart holmi lovagokról és kitűzte a lánya esküvője napját Hamvay Ferenccel. Az esküvő előtti éjszakán Hattyú kisasszony megpróbált megszökni Pelikános lovaggal, de a vőlegény rájuk talált. Éktelen haragjában meg akarta ölni a lányt. Pelikános lovag kardot rántott, hogy megvédje a lányt, ám Hamvay egy alattomos szúrással ledöfte a vitézt és az meghalt. Hattyú kisasszony bánatában hattyúvá változott, és elrepült a Hattyús tóra, hogy ott várja szerelmesét, aki többé nem érkezett meg hozzá.</p>



<p>A legenda szerint Pelikános vitéz a Hamvay kúria kútján pelikán képében őrzi azóta is a földbirtokos ablakait, nehogy az ismét a lány nyomába eredjen. A tó azóta megszűnt, de a legenda szerint, ha egyszer újra megtelik vízzel, Hattyú kisasszony egy holdfényes éjszakán visszaváltozik leánnyá és Pelikán lovag is lerepül a kút tetejéről és a szerelmesek ismét egymásra találnak.</p>



<p></p>

<p>Május 3. vasárnap – A 3-4. feladat feltöltésének határideje Legendagyár (Plusz feladat beküldhető) Értékelési szempontok: Mítoszteremtő képesség, stílus, tartalom. Legendagyár (Plusz feladat beküldhető) Értékelési szempontok: Mítoszteremtő képesség, stílus, tartalom. LEGENDAGYÁRTÁS – Találjatok ki egy gödöllői legendát, mítoszt. Írjátok le, mi lett vele, hova tűnt, mi lehetett az oka. Tippek: gödöllői helyszínek, emberek rejtélye: kidőlt fa a &#8230; <a title="3. Egy város titkai" class="read-more" href="https://gvkik.hu/varostitkai/3-legendagyar/" aria-label="Read more about 3. Egy város titkai">Olvass tovább</a></p>
