{"id":56,"date":"2026-01-21T13:55:59","date_gmt":"2026-01-21T13:55:59","guid":{"rendered":"https:\/\/gvkik.hu\/varostitkai\/?page_id=56"},"modified":"2026-03-31T07:01:07","modified_gmt":"2026-03-31T07:01:07","slug":"2-mestersegem-cimere","status":"publish","type":"page","link":"https:\/\/gvkik.hu\/varostitkai\/2-mestersegem-cimere\/","title":{"rendered":"2. Mesters\u00e9gem c\u00edmere"},"content":{"rendered":"\n<p>H\u00edres g\u00f6d\u00f6ll\u0151iek <strong>(Lehet\u0151s\u00e9g van egy plusz feladatot bek\u00fcldeni, mely maximum 5 pontot \u00e9r.)<\/strong><\/p>\n\n\n\n<p><em>\u00c9rt\u00e9kel\u00e9si szempontok:<\/em> Kreativit\u00e1s, kivitelez\u00e9s, tartalmi pontoss\u00e1g, r\u00e9szletess\u00e9g<\/p>\n\n\n\n<p>Feladat: <strong>Mesters\u00e9gem c\u00edmere<\/strong><br>Mi az a Tetris Challenge?<br>P\u00e1r \u00e9ve s\u00f6p\u00f6rt v\u00e9gig a vil\u00e1gon ez a k\u00fcl\u00f6nleges fot\u00f3s trend. A l\u00e9nyege a \u201eknolling\u201d m\u0171v\u00e9szete: egy adott szakma k\u00e9pvisel\u0151i (p\u00e9ld\u00e1ul t\u0171zolt\u00f3k, ment\u0151s\u00f6k vagy rend\u0151r\u00f6k) maguk mell\u00e9 pakolj\u00e1k az \u00f6sszes felszerel\u00e9s\u00fcket a f\u00f6ldre, m\u00e9rtani pontoss\u00e1ggal, 90 fokos sz\u00f6gekben elrendezve, majd fel\u00fclr\u0151l lefot\u00f3zz\u00e1k az eg\u00e9szet. Az eredm\u00e9ny pont \u00fagy n\u00e9z ki, mintha egy leg\u00f3k\u00e9szletet vagy egy vide\u00f3j\u00e1t\u00e9k (a Tetris) elemeit l\u00e1tn\u00e1nk kiter\u00edtve.<\/p>\n\n\n\n<p>A Ti k\u00fcldet\u00e9setek:<strong> \u201eH\u00edres G\u00f6d\u00f6ll\u0151iek\u201d<\/strong><br>A csapat feladata, hogy egy h\u00edres vagy h\u00edrhedt, jelenleg is \u00e9l\u0151 g\u00f6d\u00f6ll\u0151i szem\u00e9lyt mutasson be ebben a st\u00edlusban. Nem kell, hogy az illet\u0151 val\u00f3ban ott legyen (b\u00e1r az a legjobb!), de a t\u00e1rgyaknak, amiket lefot\u00f3ztok, egy\u00e9rtelm\u0171en r\u00e1 kell utalniuk az \u00e9let\u00e9re, munk\u00e1ss\u00e1g\u00e1ra vagy a v\u00e1rosban bet\u00f6lt\u00f6tt szerep\u00e9re.<\/p>\n\n\n\n<p><strong>A pontoz\u00e1s szempontjai:<\/strong><br>Kreativit\u00e1s: Mennyire \u00f6tletesek a v\u00e1lasztott t\u00e1rgyak? Felismerhet\u0151-e a szem\u00e9ly a \u201ekicsomagolt\u201d k\u00e9szlet alapj\u00e1n?<\/p>\n\n\n\n<p>Eszt\u00e9tika: Siker\u00fclt-e tartani a \u201eTetris-st\u00edlust\u201d? (P\u00e1rhuzamos \u00e9s mer\u0151leges elrendez\u00e9s, fel\u00fcln\u00e9zet).<br>B\u00f3nusz lehet\u0151s\u00e9g: Ha a szem\u00e9lyt k\u00e9pbe tudj\u00e1tok fektetni a t\u00e1rgyai k\u00f6z\u00e9, az extra pontokat \u00e9r!<\/p>\n\n\n\n<p><strong>N\u00e9h\u00e1ny tipp a megval\u00f3s\u00edt\u00e1shoz:<\/strong><br>V\u00e1lasszatok szem\u00e9lyt: Lehet ez egy n\u00e9pszer\u0171 helyi tan\u00e1r, egy ismert sportol\u00f3, a kedvenc\u00a0b\u00fcf\u00e9setek, vagy ak\u00e1r a v\u00e1ros \u201earcai\u201d. Vegy\u00e9tek fel vele a kapcsolatot, hogy beleegyezik-e a &#8222;tetris fot\u00f3&#8221; elk\u00e9sz\u00edt\u00e9s\u00e9be.<br>Gy\u0171jtsetek kell\u00e9keket: \u00a0<br><strong>Minimum 10 t\u00e1rgyat gy\u0171jtsetek \u00f6ssze<\/strong>.<br>Mi az, ami elengedhetetlen hozz\u00e1? (Pl. egy edz\u0151nek a s\u00edpja, a vizeskulacsa \u00e9s a taktikai t\u00e1bl\u00e1ja; egy politikusnak a szalag\u00e1tv\u00e1g\u00f3 oll\u00f3ja \u00e9s a v\u00e1laszt\u00e1si sz\u00f3r\u00f3lapja). <br>A perspekt\u00edva a l\u00e9nyeg: A fot\u00f3t min\u00e9l magasabbr\u00f3l, pont fel\u00fclr\u0151l k\u00e9sz\u00edts\u00e9tek el, hogy meglegyen a &#8222;j\u00e1t\u00e9kos&#8221; hat\u00e1s!<\/p>\n\n\n\n<p>A feladat felt\u00f6lt\u00e9s\u00e9nek hat\u00e1rideje:<strong> 2026. \u00e1prilis 19. vas\u00e1rnap<\/strong><\/p>\n\n\n\n<p>Sok sikert, induljon a pakol\u00e1s!<\/p>\n\n\n<div class=\"wp-block-image\">\n<figure class=\"aligncenter size-full\"><img loading=\"lazy\" decoding=\"async\" width=\"787\" height=\"848\" src=\"https:\/\/gvkik.hu\/varostitkai\/wp-content\/uploads\/2026\/03\/sissi_tetris-2.jpg\" alt=\"\" class=\"wp-image-310\" srcset=\"https:\/\/gvkik.hu\/varostitkai\/wp-content\/uploads\/2026\/03\/sissi_tetris-2.jpg 787w, https:\/\/gvkik.hu\/varostitkai\/wp-content\/uploads\/2026\/03\/sissi_tetris-2-278x300.jpg 278w, https:\/\/gvkik.hu\/varostitkai\/wp-content\/uploads\/2026\/03\/sissi_tetris-2-768x828.jpg 768w\" sizes=\"auto, (max-width: 787px) 100vw, 787px\" \/><\/figure>\n<\/div>\n\n\n<figure class=\"wp-block-gallery has-nested-images columns-default is-cropped wp-block-gallery-1 is-layout-flex wp-block-gallery-is-layout-flex\">\n<figure class=\"wp-block-image size-large\"><img loading=\"lazy\" decoding=\"async\" width=\"850\" height=\"939\" data-id=\"311\" src=\"https:\/\/gvkik.hu\/varostitkai\/wp-content\/uploads\/2026\/03\/BC-Border-Collie-Fajtamento-Egyesulet-850x939-1.jpg\" alt=\"\" class=\"wp-image-311\" srcset=\"https:\/\/gvkik.hu\/varostitkai\/wp-content\/uploads\/2026\/03\/BC-Border-Collie-Fajtamento-Egyesulet-850x939-1.jpg 850w, https:\/\/gvkik.hu\/varostitkai\/wp-content\/uploads\/2026\/03\/BC-Border-Collie-Fajtamento-Egyesulet-850x939-1-272x300.jpg 272w, https:\/\/gvkik.hu\/varostitkai\/wp-content\/uploads\/2026\/03\/BC-Border-Collie-Fajtamento-Egyesulet-850x939-1-768x848.jpg 768w\" sizes=\"auto, (max-width: 850px) 100vw, 850px\" \/><\/figure>\n\n\n\n<figure class=\"wp-block-image size-large\"><img loading=\"lazy\" decoding=\"async\" width=\"960\" height=\"628\" data-id=\"312\" src=\"https:\/\/gvkik.hu\/varostitkai\/wp-content\/uploads\/2026\/03\/IAF.jpg\" alt=\"\" class=\"wp-image-312\" srcset=\"https:\/\/gvkik.hu\/varostitkai\/wp-content\/uploads\/2026\/03\/IAF.jpg 960w, https:\/\/gvkik.hu\/varostitkai\/wp-content\/uploads\/2026\/03\/IAF-300x196.jpg 300w, https:\/\/gvkik.hu\/varostitkai\/wp-content\/uploads\/2026\/03\/IAF-768x502.jpg 768w\" sizes=\"auto, (max-width: 960px) 100vw, 960px\" \/><\/figure>\n\n\n\n<figure class=\"wp-block-image size-large\"><img loading=\"lazy\" decoding=\"async\" width=\"1024\" height=\"682\" data-id=\"315\" src=\"https:\/\/gvkik.hu\/varostitkai\/wp-content\/uploads\/2026\/03\/kemenysepro-1024x682.jpg\" alt=\"\" class=\"wp-image-315\" srcset=\"https:\/\/gvkik.hu\/varostitkai\/wp-content\/uploads\/2026\/03\/kemenysepro-1024x682.jpg 1024w, https:\/\/gvkik.hu\/varostitkai\/wp-content\/uploads\/2026\/03\/kemenysepro-300x200.jpg 300w, https:\/\/gvkik.hu\/varostitkai\/wp-content\/uploads\/2026\/03\/kemenysepro-768x512.jpg 768w, https:\/\/gvkik.hu\/varostitkai\/wp-content\/uploads\/2026\/03\/kemenysepro.jpg 1400w\" sizes=\"auto, (max-width: 1024px) 100vw, 1024px\" \/><\/figure>\n\n\n\n<figure class=\"wp-block-image size-large\"><img loading=\"lazy\" decoding=\"async\" width=\"1024\" height=\"1024\" data-id=\"314\" src=\"https:\/\/gvkik.hu\/varostitkai\/wp-content\/uploads\/2026\/03\/konyha-1024x1024.jpg\" alt=\"\" class=\"wp-image-314\" srcset=\"https:\/\/gvkik.hu\/varostitkai\/wp-content\/uploads\/2026\/03\/konyha-1024x1024.jpg 1024w, https:\/\/gvkik.hu\/varostitkai\/wp-content\/uploads\/2026\/03\/konyha-300x300.jpg 300w, https:\/\/gvkik.hu\/varostitkai\/wp-content\/uploads\/2026\/03\/konyha-150x150.jpg 150w, https:\/\/gvkik.hu\/varostitkai\/wp-content\/uploads\/2026\/03\/konyha-768x768.jpg 768w, https:\/\/gvkik.hu\/varostitkai\/wp-content\/uploads\/2026\/03\/konyha-1536x1536.jpg 1536w, https:\/\/gvkik.hu\/varostitkai\/wp-content\/uploads\/2026\/03\/konyha.jpg 1823w\" sizes=\"auto, (max-width: 1024px) 100vw, 1024px\" \/><\/figure>\n\n\n\n<figure class=\"wp-block-image size-large\"><img loading=\"lazy\" decoding=\"async\" width=\"570\" height=\"386\" data-id=\"313\" src=\"https:\/\/gvkik.hu\/varostitkai\/wp-content\/uploads\/2026\/03\/korhaz.jpg\" alt=\"\" class=\"wp-image-313\" srcset=\"https:\/\/gvkik.hu\/varostitkai\/wp-content\/uploads\/2026\/03\/korhaz.jpg 570w, https:\/\/gvkik.hu\/varostitkai\/wp-content\/uploads\/2026\/03\/korhaz-300x203.jpg 300w\" sizes=\"auto, (max-width: 570px) 100vw, 570px\" \/><\/figure>\n\n\n\n<figure class=\"wp-block-image size-large\"><img loading=\"lazy\" decoding=\"async\" width=\"850\" height=\"638\" data-id=\"316\" src=\"https:\/\/gvkik.hu\/varostitkai\/wp-content\/uploads\/2026\/03\/korterem.jpg\" alt=\"\" class=\"wp-image-316\" srcset=\"https:\/\/gvkik.hu\/varostitkai\/wp-content\/uploads\/2026\/03\/korterem.jpg 850w, https:\/\/gvkik.hu\/varostitkai\/wp-content\/uploads\/2026\/03\/korterem-300x225.jpg 300w, https:\/\/gvkik.hu\/varostitkai\/wp-content\/uploads\/2026\/03\/korterem-768x576.jpg 768w\" sizes=\"auto, (max-width: 850px) 100vw, 850px\" \/><\/figure>\n\n\n\n<figure class=\"wp-block-image size-large\"><img loading=\"lazy\" decoding=\"async\" width=\"850\" height=\"599\" data-id=\"317\" src=\"https:\/\/gvkik.hu\/varostitkai\/wp-content\/uploads\/2026\/03\/kutyus.jpg\" alt=\"\" class=\"wp-image-317\" srcset=\"https:\/\/gvkik.hu\/varostitkai\/wp-content\/uploads\/2026\/03\/kutyus.jpg 850w, https:\/\/gvkik.hu\/varostitkai\/wp-content\/uploads\/2026\/03\/kutyus-300x211.jpg 300w, https:\/\/gvkik.hu\/varostitkai\/wp-content\/uploads\/2026\/03\/kutyus-768x541.jpg 768w\" sizes=\"auto, (max-width: 850px) 100vw, 850px\" \/><\/figure>\n\n\n\n<figure class=\"wp-block-image size-large\"><img loading=\"lazy\" decoding=\"async\" width=\"962\" height=\"678\" data-id=\"318\" src=\"https:\/\/gvkik.hu\/varostitkai\/wp-content\/uploads\/2026\/03\/mentok.jpg\" alt=\"\" class=\"wp-image-318\" srcset=\"https:\/\/gvkik.hu\/varostitkai\/wp-content\/uploads\/2026\/03\/mentok.jpg 962w, https:\/\/gvkik.hu\/varostitkai\/wp-content\/uploads\/2026\/03\/mentok-300x211.jpg 300w, https:\/\/gvkik.hu\/varostitkai\/wp-content\/uploads\/2026\/03\/mentok-768x541.jpg 768w\" sizes=\"auto, (max-width: 962px) 100vw, 962px\" \/><\/figure>\n\n\n\n<figure class=\"wp-block-image size-large\"><img loading=\"lazy\" decoding=\"async\" width=\"1024\" height=\"820\" data-id=\"323\" src=\"https:\/\/gvkik.hu\/varostitkai\/wp-content\/uploads\/2026\/03\/sisi_egyszeru_tetris-1024x820.png\" alt=\"\" class=\"wp-image-323\" srcset=\"https:\/\/gvkik.hu\/varostitkai\/wp-content\/uploads\/2026\/03\/sisi_egyszeru_tetris-1024x820.png 1024w, https:\/\/gvkik.hu\/varostitkai\/wp-content\/uploads\/2026\/03\/sisi_egyszeru_tetris-300x240.png 300w, https:\/\/gvkik.hu\/varostitkai\/wp-content\/uploads\/2026\/03\/sisi_egyszeru_tetris-768x615.png 768w, https:\/\/gvkik.hu\/varostitkai\/wp-content\/uploads\/2026\/03\/sisi_egyszeru_tetris-1536x1231.png 1536w, https:\/\/gvkik.hu\/varostitkai\/wp-content\/uploads\/2026\/03\/sisi_egyszeru_tetris-2048x1641.png 2048w\" sizes=\"auto, (max-width: 1024px) 100vw, 1024px\" \/><\/figure>\n\n\n\n<figure class=\"wp-block-image size-large\"><img loading=\"lazy\" decoding=\"async\" width=\"787\" height=\"848\" data-id=\"319\" src=\"https:\/\/gvkik.hu\/varostitkai\/wp-content\/uploads\/2026\/03\/sissi_tetris-3.jpg\" alt=\"\" class=\"wp-image-319\" srcset=\"https:\/\/gvkik.hu\/varostitkai\/wp-content\/uploads\/2026\/03\/sissi_tetris-3.jpg 787w, https:\/\/gvkik.hu\/varostitkai\/wp-content\/uploads\/2026\/03\/sissi_tetris-3-278x300.jpg 278w, https:\/\/gvkik.hu\/varostitkai\/wp-content\/uploads\/2026\/03\/sissi_tetris-3-768x828.jpg 768w\" sizes=\"auto, (max-width: 787px) 100vw, 787px\" \/><\/figure>\n\n\n\n<figure class=\"wp-block-image size-large\"><img loading=\"lazy\" decoding=\"async\" width=\"1024\" height=\"1024\" data-id=\"321\" src=\"https:\/\/gvkik.hu\/varostitkai\/wp-content\/uploads\/2026\/03\/tuzolto-1024x1024.jpg\" alt=\"\" class=\"wp-image-321\" srcset=\"https:\/\/gvkik.hu\/varostitkai\/wp-content\/uploads\/2026\/03\/tuzolto-1024x1024.jpg 1024w, https:\/\/gvkik.hu\/varostitkai\/wp-content\/uploads\/2026\/03\/tuzolto-300x300.jpg 300w, https:\/\/gvkik.hu\/varostitkai\/wp-content\/uploads\/2026\/03\/tuzolto-150x150.jpg 150w, https:\/\/gvkik.hu\/varostitkai\/wp-content\/uploads\/2026\/03\/tuzolto-768x768.jpg 768w, https:\/\/gvkik.hu\/varostitkai\/wp-content\/uploads\/2026\/03\/tuzolto-1536x1536.jpg 1536w, https:\/\/gvkik.hu\/varostitkai\/wp-content\/uploads\/2026\/03\/tuzolto-2048x2048.jpg 2048w\" sizes=\"auto, (max-width: 1024px) 100vw, 1024px\" \/><\/figure>\n\n\n\n<figure class=\"wp-block-image size-large\"><img loading=\"lazy\" decoding=\"async\" width=\"687\" height=\"480\" data-id=\"320\" src=\"https:\/\/gvkik.hu\/varostitkai\/wp-content\/uploads\/2026\/03\/zeneiskola.jpg\" alt=\"\" class=\"wp-image-320\" srcset=\"https:\/\/gvkik.hu\/varostitkai\/wp-content\/uploads\/2026\/03\/zeneiskola.jpg 687w, https:\/\/gvkik.hu\/varostitkai\/wp-content\/uploads\/2026\/03\/zeneiskola-300x210.jpg 300w\" sizes=\"auto, (max-width: 687px) 100vw, 687px\" \/><\/figure>\n\n\n\n<figure class=\"wp-block-image size-large\"><img loading=\"lazy\" decoding=\"async\" width=\"1024\" height=\"569\" data-id=\"322\" src=\"https:\/\/gvkik.hu\/varostitkai\/wp-content\/uploads\/2026\/03\/zsaru-1024x569.jpeg\" alt=\"\" class=\"wp-image-322\" srcset=\"https:\/\/gvkik.hu\/varostitkai\/wp-content\/uploads\/2026\/03\/zsaru-1024x569.jpeg 1024w, https:\/\/gvkik.hu\/varostitkai\/wp-content\/uploads\/2026\/03\/zsaru-300x167.jpeg 300w, https:\/\/gvkik.hu\/varostitkai\/wp-content\/uploads\/2026\/03\/zsaru-768x427.jpeg 768w, https:\/\/gvkik.hu\/varostitkai\/wp-content\/uploads\/2026\/03\/zsaru.jpeg 1080w\" sizes=\"auto, (max-width: 1024px) 100vw, 1024px\" \/><\/figure>\n<\/figure>\n","protected":false},"excerpt":{"rendered":"<p>H\u00edres g\u00f6d\u00f6ll\u0151iek (Lehet\u0151s\u00e9g van egy plusz feladatot bek\u00fcldeni, mely maximum 5 pontot \u00e9r.) \u00c9rt\u00e9kel\u00e9si szempontok: Kreativit\u00e1s, kivitelez\u00e9s, tartalmi pontoss\u00e1g, r\u00e9szletess\u00e9g Feladat: Mesters\u00e9gem c\u00edmereMi az a Tetris Challenge?P\u00e1r \u00e9ve s\u00f6p\u00f6rt v\u00e9gig a vil\u00e1gon ez a k\u00fcl\u00f6nleges fot\u00f3s trend. A l\u00e9nyege a \u201eknolling\u201d m\u0171v\u00e9szete: egy adott szakma k\u00e9pvisel\u0151i (p\u00e9ld\u00e1ul t\u0171zolt\u00f3k, ment\u0151s\u00f6k vagy rend\u0151r\u00f6k) maguk mell\u00e9 pakolj\u00e1k az &#8230; <a title=\"2. Mesters\u00e9gem c\u00edmere\" class=\"read-more\" href=\"https:\/\/gvkik.hu\/varostitkai\/2-mestersegem-cimere\/\" aria-label=\"Read more about 2. Mesters\u00e9gem c\u00edmere\">Olvass tov\u00e1bb<\/a><\/p>\n","protected":false},"author":1,"featured_media":0,"parent":0,"menu_order":0,"comment_status":"closed","ping_status":"closed","template":"","meta":{"footnotes":""},"class_list":["post-56","page","type-page","status-publish"],"_links":{"self":[{"href":"https:\/\/gvkik.hu\/varostitkai\/wp-json\/wp\/v2\/pages\/56","targetHints":{"allow":["GET"]}}],"collection":[{"href":"https:\/\/gvkik.hu\/varostitkai\/wp-json\/wp\/v2\/pages"}],"about":[{"href":"https:\/\/gvkik.hu\/varostitkai\/wp-json\/wp\/v2\/types\/page"}],"author":[{"embeddable":true,"href":"https:\/\/gvkik.hu\/varostitkai\/wp-json\/wp\/v2\/users\/1"}],"replies":[{"embeddable":true,"href":"https:\/\/gvkik.hu\/varostitkai\/wp-json\/wp\/v2\/comments?post=56"}],"version-history":[{"count":5,"href":"https:\/\/gvkik.hu\/varostitkai\/wp-json\/wp\/v2\/pages\/56\/revisions"}],"predecessor-version":[{"id":329,"href":"https:\/\/gvkik.hu\/varostitkai\/wp-json\/wp\/v2\/pages\/56\/revisions\/329"}],"wp:attachment":[{"href":"https:\/\/gvkik.hu\/varostitkai\/wp-json\/wp\/v2\/media?parent=56"}],"curies":[{"name":"wp","href":"https:\/\/api.w.org\/{rel}","templated":true}]}}