{"id":183,"date":"2026-03-16T10:10:27","date_gmt":"2026-03-16T10:10:27","guid":{"rendered":"https:\/\/gvkik.hu\/varostitkai\/?page_id=183"},"modified":"2026-03-16T10:10:28","modified_gmt":"2026-03-16T10:10:28","slug":"ma-go","status":"publish","type":"page","link":"https:\/\/gvkik.hu\/varostitkai\/ma-go\/","title":{"rendered":"Ma-G\u00f6"},"content":{"rendered":"\n<p>Csapatunk neve Ma-G\u00f6, avagy Ma-G\u00f6d\u00f6ll\u0151iek<\/p>\n\n\n\n<figure class=\"wp-block-image size-large\"><img loading=\"lazy\" decoding=\"async\" width=\"1024\" height=\"542\" src=\"https:\/\/gvkik.hu\/varostitkai\/wp-content\/uploads\/2026\/03\/Ma-Go-Csapat-1024x542.jpg\" alt=\"\" class=\"wp-image-184\" srcset=\"https:\/\/gvkik.hu\/varostitkai\/wp-content\/uploads\/2026\/03\/Ma-Go-Csapat-1024x542.jpg 1024w, https:\/\/gvkik.hu\/varostitkai\/wp-content\/uploads\/2026\/03\/Ma-Go-Csapat-300x159.jpg 300w, https:\/\/gvkik.hu\/varostitkai\/wp-content\/uploads\/2026\/03\/Ma-Go-Csapat-768x406.jpg 768w, https:\/\/gvkik.hu\/varostitkai\/wp-content\/uploads\/2026\/03\/Ma-Go-Csapat-1536x813.jpg 1536w, https:\/\/gvkik.hu\/varostitkai\/wp-content\/uploads\/2026\/03\/Ma-Go-Csapat-2048x1084.jpg 2048w\" sizes=\"auto, (max-width: 1024px) 100vw, 1024px\" \/><\/figure>\n\n\n\n<p>Bemutatkoz\u00e1sunk k\u00e9t form\u00e1ja:<\/p>\n\n\n\n<p>*<\/p>\n\n\n\n<p>Mindannyian e v\u00e1ros sz\u00fcl\u00f6ttei \u00e9s lakosai vagyunk, k\u00e9t gener\u00e9ci\u00f3t&nbsp;k\u00e9pviselve.&nbsp;<\/p>\n\n\n\n<p>H\u00e1rman,&nbsp;t\u0151zsgy\u00f6keres&nbsp;g\u00f6d\u00f6ll\u0151i csal\u00e1d lesz\u00e1rmazottaik\u00e9nt v\u00e1gunk bele ebbe&nbsp;a j\u00e1t\u00e9kba.<\/p>\n\n\n\n<p>Rokons\u00e1g, no&nbsp;meg bar\u00e1ts\u00e1g van k\u00f6zt\u00fcnk. Ilyen<\/p>\n\n\n\n<p>form\u00e1ban, \u00f6ten, m\u00e9g sohasem vett\u00fcnk r\u00e9szt k\u00f6z\u00f6s programban!<\/p>\n\n\n\n<p>B\u00edzunk benne, hogy ez a vet\u00e9lked\u0151 \u00f6sszekov\u00e1csol majd minket.&nbsp;<\/p>\n\n\n\n<p>A j\u00e1t\u00e9k fontos sz\u00e1munkra,&nbsp;az\u00e9rt&nbsp;a p\u00e1lm\u00e1t se hagyjuk majd&nbsp; m\u00e1sra.<\/p>\n\n\n\n<p>\u00c9rdekl\u0151dve \u00e9s izgalommal jelentkez\u00fcnk, v\u00e1rjuk a feladatokat!<\/p>\n\n\n\n<p>**<\/p>\n\n\n\n<p><strong>R\u00e1kos patak mellett volt egy h\u00e1z<\/strong><\/p>\n\n\n\n<p><strong>Eg\u00e9szs\u00e9gh\u00e1z volt a neve.<\/strong><\/p>\n\n\n\n<p><strong>Ott sz\u00fcletett csapatunk \u00e9rettebb fele.<\/strong><\/p>\n\n\n\n<p><strong>K\u00e9t gener\u00e1ci\u00f3s&nbsp;csapat vagyunk<\/strong><\/p>\n\n\n\n<p><strong>Rokoni bar\u00e1ti sz\u00e1lakkal tele<\/strong><\/p>\n\n\n\n<p><strong>T\u00f6bb\u00fcnk \u0151se is g\u00f6d\u00f6llei<\/strong><\/p>\n\n\n\n<p><strong>Tisztelj\u00fck a m\u00faltat, mit<\/strong><\/p>\n\n\n\n<p><strong>\u00f6r\u00f6k\u00fcl&nbsp;hagytak nek\u00fcnk.<\/strong><\/p>\n\n\n\n<p><strong>A 60-as \u00e9vfordul\u00f3ra<\/strong><\/p>\n\n\n\n<p><strong>szikl\u00e1s k\u00e9ppel j<\/strong><strong>elentkez\u00fcnk.<\/strong><\/p>\n","protected":false},"excerpt":{"rendered":"<p>Csapatunk neve Ma-G\u00f6, avagy Ma-G\u00f6d\u00f6ll\u0151iek Bemutatkoz\u00e1sunk k\u00e9t form\u00e1ja: * Mindannyian e v\u00e1ros sz\u00fcl\u00f6ttei \u00e9s lakosai vagyunk, k\u00e9t gener\u00e9ci\u00f3t&nbsp;k\u00e9pviselve.&nbsp; H\u00e1rman,&nbsp;t\u0151zsgy\u00f6keres&nbsp;g\u00f6d\u00f6ll\u0151i csal\u00e1d lesz\u00e1rmazottaik\u00e9nt v\u00e1gunk bele ebbe&nbsp;a j\u00e1t\u00e9kba. Rokons\u00e1g, no&nbsp;meg bar\u00e1ts\u00e1g van k\u00f6zt\u00fcnk. Ilyen form\u00e1ban, \u00f6ten, m\u00e9g sohasem vett\u00fcnk r\u00e9szt k\u00f6z\u00f6s programban! B\u00edzunk benne, hogy ez a vet\u00e9lked\u0151 \u00f6sszekov\u00e1csol majd minket.&nbsp; A j\u00e1t\u00e9k fontos sz\u00e1munkra,&nbsp;az\u00e9rt&nbsp;a p\u00e1lm\u00e1t se hagyjuk &#8230; <a title=\"Ma-G\u00f6\" class=\"read-more\" href=\"https:\/\/gvkik.hu\/varostitkai\/ma-go\/\" aria-label=\"Read more about Ma-G\u00f6\">Olvass tov\u00e1bb<\/a><\/p>\n","protected":false},"author":1,"featured_media":0,"parent":0,"menu_order":0,"comment_status":"closed","ping_status":"closed","template":"","meta":{"footnotes":""},"class_list":["post-183","page","type-page","status-publish"],"_links":{"self":[{"href":"https:\/\/gvkik.hu\/varostitkai\/wp-json\/wp\/v2\/pages\/183","targetHints":{"allow":["GET"]}}],"collection":[{"href":"https:\/\/gvkik.hu\/varostitkai\/wp-json\/wp\/v2\/pages"}],"about":[{"href":"https:\/\/gvkik.hu\/varostitkai\/wp-json\/wp\/v2\/types\/page"}],"author":[{"embeddable":true,"href":"https:\/\/gvkik.hu\/varostitkai\/wp-json\/wp\/v2\/users\/1"}],"replies":[{"embeddable":true,"href":"https:\/\/gvkik.hu\/varostitkai\/wp-json\/wp\/v2\/comments?post=183"}],"version-history":[{"count":1,"href":"https:\/\/gvkik.hu\/varostitkai\/wp-json\/wp\/v2\/pages\/183\/revisions"}],"predecessor-version":[{"id":185,"href":"https:\/\/gvkik.hu\/varostitkai\/wp-json\/wp\/v2\/pages\/183\/revisions\/185"}],"wp:attachment":[{"href":"https:\/\/gvkik.hu\/varostitkai\/wp-json\/wp\/v2\/media?parent=183"}],"curies":[{"name":"wp","href":"https:\/\/api.w.org\/{rel}","templated":true}]}}