{"id":106,"date":"2026-02-05T13:32:42","date_gmt":"2026-02-05T13:32:42","guid":{"rendered":"https:\/\/gvkik.hu\/varostitkai\/?page_id=106"},"modified":"2026-03-27T10:14:20","modified_gmt":"2026-03-27T10:14:20","slug":"csapatok","status":"publish","type":"page","link":"https:\/\/gvkik.hu\/varostitkai\/csapatok\/","title":{"rendered":"Csapatok"},"content":{"rendered":"\n<ul class=\"wp-block-list\">\n<li><a href=\"https:\/\/gvkik.hu\/varostitkai\/antalhegy-281-2\/\" data-type=\"link\" data-id=\"https:\/\/gvkik.hu\/varostitkai\/antalhegy-281-2\/\">Antalhegy 281.2<\/a><\/li>\n\n\n\n<li><a href=\"https:\/\/gvkik.hu\/varostitkai\/baltazar-rajongok-csaladi-kore\/\" data-type=\"page\" data-id=\"230\">Baltaz\u00e1r Rajong\u00f3k Csal\u00e1di K\u00f6re<\/a><\/li>\n\n\n\n<li><a href=\"https:\/\/gvkik.hu\/varostitkai\/becsapat\/\" data-type=\"page\" data-id=\"234\">Becsapat<\/a><\/li>\n\n\n\n<li><a href=\"https:\/\/gvkik.hu\/varostitkai\/csalogany\/\" data-type=\"page\" data-id=\"250\">Csalog\u00e1ny<\/a><\/li>\n\n\n\n<li><a href=\"https:\/\/gvkik.hu\/varostitkai\/damidiri\/\" data-type=\"page\" data-id=\"188\">Damidiri<\/a><\/li>\n\n\n\n<li><a href=\"https:\/\/gvkik.hu\/varostitkai\/dilis-tyukok\/\" data-type=\"page\" data-id=\"168\">Dilis Ty\u00fakok<\/a><\/li>\n\n\n\n<li><a href=\"https:\/\/gvkik.hu\/varostitkai\/g5\/\" data-type=\"page\" data-id=\"179\">G5<\/a><\/li>\n\n\n\n<li><a href=\"https:\/\/gvkik.hu\/varostitkai\/goculturcrew\/\">GO:culturcrew<\/a><\/li>\n\n\n\n<li><a href=\"https:\/\/gvkik.hu\/varostitkai\/gogd60\/\" data-type=\"page\" data-id=\"258\">GOGD60<\/a><\/li>\n\n\n\n<li><a href=\"https:\/\/gvkik.hu\/varostitkai\/hajnali-baglyok\/\" data-type=\"page\" data-id=\"193\">Hajnali baglyok<\/a><\/li>\n\n\n\n<li><a href=\"https:\/\/gvkik.hu\/varostitkai\/horvath-jakab-csalad\/\" data-type=\"page\" data-id=\"161\">Horv\u00e1th-Jakab csal\u00e1d<\/a><\/li>\n\n\n\n<li><a href=\"https:\/\/gvkik.hu\/varostitkai\/jamboree5\/\" data-type=\"page\" data-id=\"164\">Jamboree5<\/a><\/li>\n\n\n\n<li><a href=\"https:\/\/gvkik.hu\/varostitkai\/jovo-szovo-nagyik\/\" data-type=\"page\" data-id=\"175\">J\u00f6v\u0151 sz\u00f6v\u0151 nagyik<\/a><\/li>\n\n\n\n<li>Ki viszi \u00e1t a R\u00e9v\u00e9szt<\/li>\n\n\n\n<li><a href=\"https:\/\/gvkik.hu\/varostitkai\/konyvsetaltatok\/\" data-type=\"page\" data-id=\"171\">K\u00f6nyvs\u00e9t\u00e1ltat\u00f3k<\/a><\/li>\n\n\n\n<li><a href=\"https:\/\/gvkik.hu\/varostitkai\/kuflik\/\" data-type=\"page\" data-id=\"201\">Kuflik<\/a><\/li>\n\n\n\n<li><a href=\"https:\/\/gvkik.hu\/varostitkai\/latnokok\/\" data-type=\"page\" data-id=\"223\">L\u00e1tnokok<\/a><\/li>\n\n\n\n<li><a href=\"https:\/\/gvkik.hu\/varostitkai\/ma-go\/\" data-type=\"page\" data-id=\"183\">Ma-G\u00f6 (Maiak G\u00f6d\u00f6ll\u0151n)<\/a><\/li>\n\n\n\n<li><a href=\"https:\/\/gvkik.hu\/varostitkai\/torpe-tarsasag\/\" data-type=\"page\" data-id=\"197\">T\u00f6rpe T\u00e1rsas\u00e1g<\/a><\/li>\n\n\n\n<li><a href=\"https:\/\/gvkik.hu\/varostitkai\/varosi-lanyok\/\" data-type=\"page\" data-id=\"265\">V\u00e1rosi l\u00e1nyok<\/a><\/li>\n\n\n\n<li>V\u00e1rszegi FC<\/li>\n<\/ul>\n\n\n\n<p><\/p>\n\n\n\n<p><\/p>\n","protected":false},"excerpt":{"rendered":"","protected":false},"author":1,"featured_media":0,"parent":0,"menu_order":0,"comment_status":"closed","ping_status":"closed","template":"","meta":{"footnotes":""},"class_list":["post-106","page","type-page","status-publish"],"_links":{"self":[{"href":"https:\/\/gvkik.hu\/varostitkai\/wp-json\/wp\/v2\/pages\/106","targetHints":{"allow":["GET"]}}],"collection":[{"href":"https:\/\/gvkik.hu\/varostitkai\/wp-json\/wp\/v2\/pages"}],"about":[{"href":"https:\/\/gvkik.hu\/varostitkai\/wp-json\/wp\/v2\/types\/page"}],"author":[{"embeddable":true,"href":"https:\/\/gvkik.hu\/varostitkai\/wp-json\/wp\/v2\/users\/1"}],"replies":[{"embeddable":true,"href":"https:\/\/gvkik.hu\/varostitkai\/wp-json\/wp\/v2\/comments?post=106"}],"version-history":[{"count":30,"href":"https:\/\/gvkik.hu\/varostitkai\/wp-json\/wp\/v2\/pages\/106\/revisions"}],"predecessor-version":[{"id":267,"href":"https:\/\/gvkik.hu\/varostitkai\/wp-json\/wp\/v2\/pages\/106\/revisions\/267"}],"wp:attachment":[{"href":"https:\/\/gvkik.hu\/varostitkai\/wp-json\/wp\/v2\/media?parent=106"}],"curies":[{"name":"wp","href":"https:\/\/api.w.org\/{rel}","templated":true}]}}